ose -2*d - 4*x + 48 = 0, -2*d - 2 + 20 = -2*x. Let b = 17 - d. Suppose 120 = b*p + 2*p. What is the tens digit of p?
2
What is the units digit of (-52)/39*42/(-4) - 4?
0
Suppose 0 = -19*m + 6*m + 5941. What is the tens digit of m?
5
Let d = 1027 + -35. Suppose 4*m + 504 = 2*x, -3*x - 5*m - 192 = -d. What is the units digit of x?
0
Let i be -9*1/6*-4. Let o be ((-40)/(-15))/(4/i). What is the tens digit of 29 - (o + -1 - 6)?
3
What is the thousands digit of 24/9*5430/8?
1
Let k(x) = -x**3 + 7*x**2 + 8*x + 4. Let c be k(8). Suppose i - 54 = -3*f, c*i = -5*f + 90 + 91. What is the tens digit of i?
3
Let x = 5 + 2. Suppose -25 = -x*q + 17. Suppose q*l - l = 150. What is the units digit of l?
0
Let g(i) = -5*i**3 + i - 2. Let z be g(-2). What is the units digit of z*(0 - 3/(-2))?
4
Suppose 4*q = 5*q - 391. Suppose -5*h + 388 = -n - 3*n, 5*h - q = 3*n. What is the units digit of h?
0
Let c = 523 - 198. What is the units digit of c?
5
Let s be (0 - (-2)/(-4))*20. Let x = -6 - s. Suppose x*f - 2 = 14. What is the units digit of f?
4
Suppose 0 = 48*b - 85*b + 63418. What is the hundreds digit of b?
7
Suppose -26*u = -25*u - 449. What is the tens digit of u?
4
Suppose 35 = 2*a + 11. Let f be (6/(-4))/(9/a). What is the units digit of (24/10)/(f/(-20))?
4
Suppose -11 + 277 = 19*j. Suppose 2*l = -l + 6. Suppose 3*v = -0*y + y - j, -2 = -l*v. What is the tens digit of y?
1
Suppose 2 + 66 = 4*o. Let m = 15 - o. What is the units digit of 0 + m + 18 + -2?
4
Let o(z) be the first derivative of -z**4 - 4*z**3/3 - 2*z + 4. Let v be o(-3). Suppose 4*m + d - v = 0, 0*m - 5*d = 4*m - 62. What is the tens digit of m?
1
Let u(k) = -k**3 + k**2 + k + 4. Suppose j - 1 = -2*h + 2, -h = 4*j - 12. Let l be u(h). What is the tens digit of (-7 - -21)/(1/l)?
5
Suppose -5*v + 9 = -2*v. Suppose 3*o = k - 118, 3*o = -v*k + 8*o + 338. What is the units digit of k?
6
Suppose -4*o = -12, -2*v + 2*o + o + 471 = 0. Suppose 4*y = -6*y + v. What is the units digit of y?
4
Suppose -5*b + 12455 = 3*p, 17*b - 13*b = -20. What is the units digit of p?
0
Let p(s) be the third derivative of -s**4/24 + s**3/3 + 8*s**2. Let t be p(-2). Suppose -t*v + 86 = -174. What is the tens digit of v?
6
Let j(f) = -f - 2. Let h be j(1). Let z(x) = -23*x - 10. What is the units digit of z(h)?
9
Suppose 5*v - 1415 - 300 = 0. Suppose v = 3*q + 4*q. What is the tens digit of q?
4
Let v = 315 - 247. What is the units digit of v?
8
What is the hundreds digit of ((-518)/(-6))/((-10)/(-3) + -3)?
2
Suppose -2*f + 15 + 9 = 0. Let z(y) = -y**3 - 12*y**2 - 19*y + 13. Let i be z(-10). What is the units digit of (-20)/(-6)*(f - i)?
0
Let i(n) = 8*n - 22. Let d be i(3). What is the units digit of d/5 + (-9)/(-15)?
1
Let y = 135 - 293. Let p be (-5)/(3 - 31/10). What is the units digit of y/(-5) + 20/p?
2
Let u be 36/((-1)/((-4)/6)). Let t = 50 - u. What is the tens digit of t?
2
Suppose -3*o + 5*o = -2*b + 990, 1465 = 3*b - o. What is the hundreds digit of b?
4
Let j be 3/(21/(-2)) + 191/7. Let a = j + 61. What is the units digit of a?
8
Let a(k) = 51*k + 126. What is the units digit of a(19)?
5
Suppose 3*c = -c + 680. Suppose 0 = 5*g - c - 130. What is the units digit of g?
0
Suppose 9*n + 822 - 3378 = 0. What is the tens digit of n?
8
Let b(a) = a**3 - 14*a**2 - 16*a + 17. Let g be b(15). Let p be g/(((-4)/6)/(-1)). Suppose -3*w + 6 + 40 = 2*q, -5*q - 32 = -p*w. What is the units digit of w?
4
Suppose 9*f - 94 = 7*f. What is the tens digit of f?
4
Suppose -45*v = -44*v - 148. What is the units digit of v?
8
Let k = 445 - 195. What is the tens digit of k?
5
Let v = 365 - 310. What is the units digit of v?
5
Suppose -4*a = -511 + 31. Suppose -4*y + h + a = 0, -h = -5*y + h + 150. What is the tens digit of ((-12)/(-5))/(4/y)?
1
Let k(v) = -7*v + v - 2*v**2 - 2*v - 5*v**3 - 7 + 7*v. What is the units digit of k(-3)?
3
Suppose -44*d - 16*d + 225840 = 0. What is the hundreds digit of d?
7
Let s = 6899 + -3046. What is the hundreds digit of s?
8
Suppose 5 = -3*c + 2. What is the units digit of (-1 - c) + 1518/23?
6
Let r(x) = 9*x - 6. Let c(q) = q + 2. Let n be c(15). Let p = n - 10. What is the units digit of r(p)?
7
Suppose -288 - 5124 = -11*x. What is the hundreds digit of x?
4
Let s(p) = 3*p**3 - 4*p**2 - 2*p + 4. Let f be s(5). Suppose 5*t = w + 463, 8*w = 3*t + 3*w - f. Suppose -2*y + t - 15 = 0. What is the tens digit of y?
3
Let f be (-4 - 84/(-18))/((-1)/87). Let r = -44 - f. What is the tens digit of r?
1
Suppose 3*p + 2*p = -c - 10, -p - 6 = c. Let k = 7 + p. Suppose 0 = -2*d - 0*d + k. What is the units digit of d?
3
Let y(k) = 78*k**3 - 2*k + 1. Suppose 2 = -24*o + 26*o. What is the units digit of y(o)?
7
Suppose 0 = d - 0*l + 3*l - 67, -l = -3*d + 241. Suppose -513 = -7*k - d. What is the units digit of k?
2
Let r(q) = -q**3 + 5*q**2 + q - 5. Let w be 1/2 - 28/(-8). What is the tens digit of r(w)?
1
Suppose -i + 2*a = 3*i - 9460, 7092 = 3*i - 3*a. What is the units digit of i?
6
Let b(u) = -u**2 + 13*u - 2. Let t(r) = r**3 + 9*r**2 + 9*r + 12. Let i be t(-8). Suppose -i*c = -30 + 14. What is the tens digit of b(c)?
3
Let i = -310 + 170. Let j = i + 236. What is the units digit of j?
6
Suppose -11*c + 10*c + 10 = 0. Let p(m) = 5 + 13*m - c*m**2 + 8 - m - m**3. What is the units digit of p(-11)?
2
Let o be 54/81*3/(-2)*-1. Let d(a) be the second derivative of 4*a**4/3 + a**2/2 + 3*a. What is the tens digit of d(o)?
1
Suppose -b + 50 = 4*b. Suppose 0 = -2*g + 10, -5*k + b*k - g = 5. Suppose -3*z + 32 = 2*l - 37, k*z = -l + 46. What is the tens digit of z?
2
Suppose 23325 = 5*p + 5*x, 14*p - 4*x = 17*p - 13999. What is the hundreds digit of p?
6
Let p(r) = 35*r**3 + 2*r**2 - 12*r + 39. What is the thousands digit of p(4)?
2
Suppose 6*g = -2*r + 5*g + 1673, 3*g - 2517 = -3*r. What is the hundreds digit of r?
8
Let o(t) = -61*t + 161. What is the hundreds digit of o(-35)?
2
Let y(d) = 3*d**2 - 18*d + 3. Let f be y(6). Suppose -5*g - f = -a, 46 = 4*a + 2*g - 5*g. What is the tens digit of a?
1
Let p(r) = 10 + 8 - 2*r + 3*r + r. What is the tens digit of p(19)?
5
Let j be (1 + -4)*(-10)/15. Suppose -j*o = -6*o + 100. Let w = -13 + o. What is the tens digit of w?
1
Suppose x = 6*x - 3*l - 46, 4*l = 4*x - 40. Suppose 482 = x*c - 38. What is the tens digit of c?
6
Let u(o) = -5*o - 12. Let g(n) = -n**3 - 8*n**2 - 8*n + 12. Let c be g(-5). What is the tens digit of u(c)?
0
Let f = -280 + 655. What is the hundreds digit of f?
3
Suppose -4*z = -3*l + 3209, 0 = l + 2*z + 3*z - 1076. What is the thousands digit of l?
1
Let b = 26 - 4. Let q = b + -23. Let i(l) = -36*l + 2. What is the units digit of i(q)?
8
Suppose 3*m + 13 = -50. Let q be -1 - m*(3 + -2). What is the tens digit of 98/8 + 15/q?
1
Suppose t + 160 = 504. What is the hundreds digit of t?
3
Let q = 40 + -27. Let t = -5 + q. Let u(l) = -l**2 + 9*l. What is the units digit of u(t)?
8
Let a(k) be the third derivative of 1/30*k**5 + 0 - 1/3*k**3 + 0*k + 5/24*k**4 - 2*k**2. What is the units digit of a(-4)?
0
Suppose -11*n = -42*n + 43772. What is the hundreds digit of n?
4
Suppose -4*u = y - 3*y + 20, 0 = 3*y - 3*u - 21. Suppose -y*l + a = -2*l - 233, -4*l + 496 = 4*a. What is the units digit of l?
9
Suppose -2*s - 3*z = -3079, 2*s = 7*z - 11*z + 3080. What is the tens digit of s?
3
Suppose 4*d = -f - 88, 4*f - 141 = 5*d - 577. Let z = -35 - f. Let t = 118 - z. What is the units digit of t?
9
Let r(q) = -q**3 - q**2 + 4*q. Let g be r(-3). Let n be (-170)/(-60) + 1/g. Suppose 158 = 5*w - 3*k + 23, 2*k = -n*w + 62. What is the units digit of w?
4
Suppose 0*b = -2*b. Suppose 2*d + b*a + 30 = 2*a, 0 = -3*a - 15. Let r = 12 - d. What is the units digit of r?
2
Suppose -v = -0*v + 1. Let i(c) = -c - 1. Let p be i(v). What is the units digit of 1 + -3 + p + 8?
6
Let l = -2703 - -4731. What is the thousands digit of l?
2
Let v = -5 + -30. Let i be (84/(-35))/(1/(-5)). Let t = i - v. What is the tens digit of t?
4
Let r be -288*(-3)/((-27)/(-6)). What is the hundreds digit of (7*-1)/((-8)/r)?
1
Suppose a - 5*n + 3 = 0, 7 = -5*a + 5*n - 28. What is the units digit of a/(-10) - (-243)/15?
7
Let x(a) be the first derivative of 13*a**4/4 - a**3 + 2*a**2 - 4*a - 21. What is the tens digit of x(2)?
9
Let s = -41 - -187. Suppose u - s = 1. What is the hundreds digit of u?
1
Le